Let n(h) = h**2 - 43*h + 67. Determine n(41).
-15
Let q(j) = j**2 + 2*j - 2. What is q(-4)?
6
Let a(t) = -2*t**2 - 21*t - 5. Determine a(-10).
5
Let z(a) = -13*a + 2. Give z(-2).
28
Let l(q) = -q + 25. Determine l(18).
7
Let c(u) = u**3 - 12*u**2 + 10*u + 9. Calculate c(11).
-2
Let a(w) = w**2 - 48*w + 504. Give a(15).
9
Let f(x) = 2*x**2 + 4*x. Give f(2).
16
Let v(d) = -d**2 - 10*d + 4. Calculate v(-10).
4
Let q(f) = -f**3 - 5*f**2 + 11*f + 29. Calculate q(-6).
-1
Let t(j) = -j**2 + 7*j - 32. Determine t(4).
-20
Let s(m) = m**3 - 2*m**2 - 2*m - 10. Give s(0).
-10
Let v(n) = n**3 - 10*n**2 + n - 4. Calculate v(10).
6
Let z(r) = -6*r**2 + 254*r - 87. What is z(42)?
-3
Let z(a) = -a - 13. Give z(-8).
-5
Let k(r) = 9*r + 325. Give k(-41).
-44
Let t(u) = -11*u + 25. Determine t(16).
-151
Let w(n) = n**3 - 4*n**2 - 12*n + 6. What is w(6)?
6
Let j(i) = -i**2 - 2*i - 3. Determine j(5).
-38
Let v(g) = 3*g**2 + 45*g. Give v(-15).
0
Let o(s) = 6*s - 12. Determine o(14).
72
Let p(c) = c + 25. What is p(-15)?
10
Let y(p) = p**2 - 11*p + 21. What is y(8)?
-3
Let w(r) = -r**2 + 6*r + 7. Give w(6).
7
Let v(k) = 32*k - 28. What is v(3)?
68
Let i(t) = -25*t**2 - t - 1. Give i(-1).
-25
Let c(t) = -t**2 - 1. Determine c(0).
-1
Let y(q) = -q**2 - 5*q. What is y(-6)?
-6
Let v(b) = -b**3 + 13*b**2 + 3*b - 37. Determine v(13).
2
Let a(s) = s**2 - 34*s + 61. What is a(32)?
-3
Let o(t) = -t**2 - 2*t - 12. Determine o(3).
-27
Let g(a) = -87*a - 354. Calculate g(-4).
-6
Let p(t) = t**2 - 6*t + 8. What is p(7)?
15
Let t(o) = 9*o - 48. Determine t(5).
-3
Let c(w) = 24*w - 26. Give c(1).
-2
Let c(g) = -g + 17. Give c(6).
11
Let k(q) = -13*q + 3. What is k(-1)?
16
Let c(h) = h**3 - 9*h**2 - 23*h + 1. Calculate c(11).
-10
Let u(r) = r**3 + 7*r**2 + 8*r + 6. What is u(-2)?
10
Let n(g) = 10*g. Give n(5).
50
Let m(i) = -14*i**3 - i**2 + 3*i - 1. Calculate m(1).
-13
Let a(h) = h**3 - 5*h**2 + 7*h - 15. Give a(4).
-3
Let u(x) = -x**3 + 46*x**2 + 49*x - 92. What is u(47)?
2
Let s(m) = -m**3 - 12*m**2 - 3*m - 11. Give s(-12).
25
Let c(b) = b**2 - 17*b - 17. What is c(18)?
1
Let r(j) = 4*j**2 + 42*j - 18. Give r(-11).
4
Let g(j) = -30*j**3 + j**2 - 1. Give g(1).
-30
Let z(o) = o**2 + 11*o + 20. Determine z(-9).
2
Let v(w) = 7*w**3 + w + 1. Calculate v(-1).
-7
Let r(k) = -22*k**3 - k**2 + k + 1. Give r(-1).
21
Let o(q) = -68*q - 65. What is o(-1)?
3
Let a(u) = u**3 + 6*u**2 - 2*u + 8. Give a(-5).
43
Let b(j) = 2*j + 12. Determine b(-5).
2
Let p(u) = -10*u - 10. Determine p(-4).
30
Let o(q) = q**3 - 6*q**2 - 7*q + 4. Give o(7).
4
Let v(u) = -3*u - 17. What is v(-5)?
-2
Let l(k) = 13*k - 321. Calculate l(25).
4
Let u(v) = v**3 + 6*v**2 + 5*v. Give u(-3).
12
Let s(k) = k - 20. Calculate s(19).
-1
Let r(f) = 3*f**3 + 56*f**2 - 20*f - 26. What is r(-19)?
-7
Let k(l) = 5*l + 4. Give k(-1).
-1
Let a(u) = -u**2 + 12*u + 248. Calculate a(23).
-5
Let g(o) = 7*o - 1. What is g(1)?
6
Let b(f) = f**3 - 25*f**2 + 23*f + 30. Determine b(24).
6
Let s(q) = -q**2 + 10*q - 22. Calculate s(6).
2
Let x(z) = -z**3 - 9*z**2 + 22*z - 2. Determine x(-11).
-2
Let l(c) = -c**3 - 8. Calculate l(0).
-8
Let s(w) = 4*w**2 + 6*w + 11. Determine s(-2).
15
Let v(p) = p**3 - 11*p**2 - 2*p - 1. Give v(11).
-23
Let m(u) = -3*u**3 - 2*u**2 + 2*u + 4. Give m(-3).
61
Let i(a) = a**3 - a**2 - 2*a - 12. Give i(0).
-12
Let g(p) = p**3 + 26*p**2 + 48*p + 13. What is g(-24)?
13
Let s(f) = -f**3 - 11*f**2 - 15*f + 8. Give s(-2).
2
Let f(q) = -q**2 + 2*q + 5. Give f(0).
5
Let q(y) = -21*y**3 + y + 1. Determine q(-1).
21
Let k(s) = -s**3 - 13*s**2 - 4*s - 22. Calculate k(-13).
30
Let z(x) = 11*x - 2. What is z(-2)?
-24
Let n(c) = 3*c**2 + 4*c + 6. Determine n(-4).
38
Let g(s) = 2*s**2 - 4*s. Calculate g(3).
6
Let n(l) = -l**3 - 4*l**2 - l - 3. Give n(-4).
1
Let o(i) = -11*i - 117. Determine o(-9).
-18
Let m(q) = -q**2 + 41*q - 314. Give m(10).
-4
Let i(r) = r**2 + 21*r + 12. Give i(-9).
-96
Let f(i) = 3*i**2 - 60*i - 8. Give f(20).
-8
Let x(n) = -n**3 + 4*n**2 - 2. What is x(2)?
6
Let x(v) = 6*v - 7. Calculate x(2).
5
Let m(p) = 12*p - 6. Calculate m(-1).
-18
Let a(p) = 2*p**2 - 6*p + 8. What is a(3)?
8
Let i(z) = 8*z + 52. Calculate i(-3).
28
Let n(p) = -34*p + 9. Calculate n(2).
-59
Let r(y) = 12*y + 66. Calculate r(-6).
-6
Let p(g) = -10*g + 28. Determine p(11).
-82
Let b(w) = w**2 + 5. Give b(0).
5
Let t(q) = -4*q**2 + 8*q + 23. Determine t(4).
-9
Let s(u) = 3*u - 22. Calculate s(0).
-22
Let z(n) = 6*n**2 - 66*n + 11. What is z(11)?
11
Let g(r) = -r**2 + 8*r + 10. Determine g(9).
1
Let y(u) = -4*u**2 + 16*u - 29. Calculate y(4).
-29
Let v(q) = -q**3 + 6*q**2 - 7*q - 2. Calculate v(6).
-44
Let u(l) = 5*l**2. What is u(-1)?
5
Let o(r) = r**3 + 6*r**2 - 5. Give o(-6).
-5
Let g(w) = -2*w**3 - w**2 + 2*w - 1. Calculate g(1).
-2
Let b(v) = -v**3 + 7*v**2 + 3*v - 7. What is b(7)?
14
Let b(r) = -18*r**2 - 6*r + 2. Calculate b(1).
-22
Let u(n) = 6*n + 38. Calculate u(-12).
-34
Let a(v) = v**2 + v + 2. Determine a(2).
8
Let v(n) = -n**2 - 24*n - 91. Determine v(-19).
4
Let q(l) = l - 3. Calculate q(7).
4
Let l(h) = h**3 + h**2 + 10*h - 5. Determine l(3).
61
Let i(u) = -u**3 - 11*u**2 - 15*u - 7. Give i(-10).
43
Let l(g) = -g + 13. What is l(13)?
0
Let p(d) = d**2 + 12*d + 1. Give p(-9).
-26
Let r(l) = 2*l**2 - 54*l + 54. Give r(26).
2
Let j(l) = -l**2 - 9*l + 226. What is j(-20)?
6
Let u(q) = 72*q - 314. Give u(4).
-26
Let n(j) = j**2 - 3*j - 5. Determine n(-4).
23
Let g(w) = -6*w + 5. Determine g(3).
-13
Let m(c) = -c**2 + 7*c - 12. Give m(6).
-6
Let d(y) = -y**3 + 12*y**2 + 9*y + 18. Determine d(13).
-34
Let r(c) = c**3 + 13*c**2 - 10*c + 53. Calculate r(-14).
-3
Let n(b) = -b**3 + b**2 + 29*b - 5. What is n(6)?
-11
Let y(v) = -8*v + 34. Give y(4).
2
Let v(t) = -3*t + 37. Calculate v(-1).
40
Let n(x) = -16*x**2 - 6*x - 2. Determine n(-2).
-54
Let c(s) = s**2 + 6*s - 2. What is c(-6)?
-2
Let h(f) = 5*f - 33. Calculate h(3).
-18
Let t(z) = z**2 + 11*z - 18. Calculate t(-14).
24
Let r(z) = 14*z + 102. Determine r(-7).
4
Let n(x) = 2*x + 63. Give n(-28).
7
Let a(y) = 5*y + 43. Calculate a(-8).
3
Let w(q) = -q**2 + 9*q + 1. Calculate w(4).
21
Let b(t) = 4*t - 84. Determine b(20).
-4
Let m(l) = -42*l + 2. What is m(-1)?
44
Let j(m) = m**3 + 4*m**2 - 7. What is j(-3)?
2
Let i(p) = 10*p - 78. What is i(18)?
102
Let r(x) = -3*x**2 - 5*x + 16. Give r(-4).
-12
Let f(u) = -u**3 - 7*u**2 + 143*u - 4. Determine f(-16).
12
Let g(b) = -9*b - 64. Determine g(-19).
107
Let c(a) = a**3 + 5*a**2 - 2*a - 4. What is c(-5)?
6
Let z(j) = j**2 + 3*j - 55. Calculate z(-9).
-1
Let s(h) = 3*h + 14. Calculate s(-10).
-16
Let z(a) = -a**2 - 19*a - 25. Calculate z(-15).
35
Let m(g) = -g**3 - 4*g**2 - 4*g - 1. Give m(-1).
0
Let q(d) = -2*d**2 - 13*d - 5. Give q(-4).
15
Let z(k) = -k**2 - 9*k - 1. Give z(-11).
-23
Let a(b) = 9*b**2 + 2*b + 3. What is a(3)?
90
Let p(o) = -o**2 - 5*o - 14. Calculate p(-4).
-10
Let u(g) = -9*g**2 - 414*g - 8. Give u(-46).
-8
Let b(n) = -6*n**2 - 9*n - 15. Give b(-3).
-42
Let q(b) = -b**2 + 9*b + 3. Give q(7).
17
Let b(x) = -x**3 + 9*x**2 + 8*x + 11. Calculate b(10).
-9
Let m(u) = 10*u + 50. Give m(-4).
10
Let x(c) = -c**2 + 8*c + 3. Determine x(8).
3
Let q(z) = -10*z**3 - z**2 + 5*z - 1. Calculate q(2).
-75
Let m(v) = -v**2 + 4*v. Determine m(10).
-60
Let p(y) = 26*y**2 + y + 2. Calculate p(1).
29
Let t(i) = 6*i + 18. What is t(-13)?
-60
Let r(k) = k**3 - 8*k**2 - 9*k - 7. Give r(9).
-7
Let p(i) = -5*i**3 + 2*i**2 + 2*i - 1. Give p(2).
-29
Let n(s) = -20*s - 56. What is n(-3)?
4
Let d(b) = -b**2 - 6*b + 18. Give d(-8).
2
Let h(b) = -2*b**3 - 14*b**2 + 15*b - 38. What is h(-8)?
-30
Let f(h) = -3*h - 1. Determine f(-2).
5
Let u(g) = -g - 7. Determine u(11).
-18
Let g(z) = z**3 + 8*z**2 + 6*z - 14. What is g(-8)?
-62
Let p(h) = -4*h + 14. Give p(2).
6
Let k(l) = -4*l - 128. Calculate k(-15).
-68
Let t(z) = 15*z - 105. Determine t(7).
0
Let n(p) = 4*p**3 + 8*p**2 - 2*p + 10. Calculate n(-3).
-20
Let r(p) = -2*p**2 + 32*p - 21. Calculate r(15).
9
Let b(r) = 2*r**2 + 2*r - 3. Calculate b(1).
1
Let n(m) = 15*m - 164. Determine n(11).
1
Let g(j) = j**2 + 4*j + 2. Calculate g(-6).
14
Let g(o) = o**3 + 7*o**2 - 2*o + 8. Determine g(-7).
22
Let w(l) = l - 14. Calculate w(7).
-7
Let m(d) = d + 22. Calculate m(9).
31
Let f(n) = n**3 + 4*n**2 - 